uppose 12*h + 1762 + 3790 = 28*h. What is the remainder when h is divided by f?
28
Suppose 0 = -14*k + 2949 + 369. Calculate the remainder when k is divided by 137.
100
Let h = 790 - 562. Suppose h + 3721 = 11*s. Calculate the remainder when s is divided by 90.
89
Suppose 2*l + 475 = 4*z - 171, l + 3 = 0. Let r = 1567 - 1561. Calculate the remainder when z is divided by r.
4
Let m = -571 + 841. Suppose -18*r + 72 = -m. What is the remainder when r is divided by 5?
4
Let r be (9 + 56/(-8))/(0 + 2). Let q be 28/(-2)*(r + -1 + -1). Calculate the remainder when 109 is divided by q/(-6)*(12/4 - 9).
11
Suppose 0 = -i + 2*b + 3*b + 206, 5*i = -2*b + 1138. Calculate the remainder when i is divided by 95.
36
Suppose 4*j + 945 = 5*l + 37, 454 = -2*j + 2*l. Let d = -112 - j. Calculate the remainder when d is divided by 39.
37
Suppose -129 = -2*n - 3*u - 0*u, 0 = 4*n - 4*u - 308. What is the remainder when n is divided by ((-27)/15)/((-114)/1330)?
9
Suppose 0 = -4*o + 39 + 125. Let k(j) = -o - 3*j + 23 + 24. What is the remainder when 69 is divided by k(-4)?
15
Let v be (-6)/2 - ((-12)/(-3) + -5). What is the remainder when 86 is divided by (23/v)/(4/(-8))?
17
Let g be (-2)/11 + 29/(638/(-612)). Let o = 9 - g. Calculate the remainder when 125 is divided by o.
14
Let c(p) = -87*p - 2526. Calculate the remainder when 738 is divided by c(-30).
66
Let t(o) = 3*o + 4. Let d be t(-2). Let h(m) = -2*m**3 - 5*m**2 + m + 2. Calculate the remainder when h(-4) is divided by -9 + 22 - (-6)/4*d.
6
Let r = 139658 + -138374. Calculate the remainder when r is divided by 26*(2 + (-2)/4).
36
Suppose 0 = -17*s + 7970 - 2190. Let u = 407 - s. Calculate the remainder when 467 is divided by u.
65
Let h be -1 - -1 - 0 - 3. Suppose -135*o + 215*o - 122*o - 336 = 0. What is the remainder when (-69)/(o/h - 3) is divided by 21?
18
Let n(x) = 52*x**2 - 17*x - 14. What is the remainder when n(-2) is divided by 143?
85
Let i be (3 - 6) + (16 - 1) - 0. Suppose -d + i = -9*j + 11*j, 0 = -3*j + 5*d + 44. Calculate the remainder when j is divided by 1.
0
Suppose 0 = 2*i + 7*j - 5355, 7471 = 5*i - 3*j - 5855. What is the remainder when i is divided by 242?
5
Suppose 256*m - 73211 = 237*m + 104819. Calculate the remainder when m is divided by 66.
64
Suppose -2*l = -4*v + l + 91, 0 = -2*v - 5*l + 65. Let q = -1235 + 1353. Calculate the remainder when q is divided by v.
18
Suppose 4*o + 2*u = 8, -22*o + 27*o - 10 = 5*u. Suppose 0 = -4*g - o*j + 66, 58*g = 53*g - 4*j + 75. Calculate the remainder when g is divided by 13.
6
Let m = 2997 + -2983. Calculate the remainder when 182 is divided by m.
0
Suppose 0 = -375*p + 370*p + 77 + 78. Suppose 234 = 2*f - 290. Suppose 0 = 2*i - 7*i + 20, 0 = -2*h - 5*i + f. What is the remainder when h is divided by p?
28
Let o(a) = 30 + a**2 - 33*a + 4 - 10 + 31. Calculate the remainder when o(34) is divided by 29.
2
Calculate the remainder when (-2337)/82*22/(-1) is divided by 23.
6
Suppose 9*m - 5506 = 3224. Calculate the remainder when m is divided by 46.
4
Let l(g) = -20*g**3 + 17*g**2 + 35*g + 17. Calculate the remainder when l(-3) is divided by 51.
44
Suppose 6*p = -2*m + 37 + 23, 4*m - 2*p = 176. Suppose -4*i = -5*i + 8. What is the remainder when m is divided by i?
2
Let r be -3*1 - (-9 + -3 + 9). Suppose -10*l - 6*l + 3216 = r. Calculate the remainder when l is divided by 54.
39
Let j(p) = -p**2 - 12*p + 9. Let d be j(-9). Suppose 4*u = 104 - d. What is the remainder when (-1)/5 - 7560/(-50) is divided by u?
15
Let i(q) = 2*q**2 + 24*q + 7. Let j be i(-11). Calculate the remainder when (-6)/75*j*(-2 + 42) is divided by 13.
9
Suppose -2*p + 26 = -2*o - 32, 2*o - 17 = -p. Let y = 75 + p. Calculate the remainder when y is divided by 36.
28
Let a = 235 + -119. Suppose -6*r + 90 = 3*r. Suppose -r - 62 = -8*o. Calculate the remainder when a is divided by o.
8
Suppose 5*u + 7*i - 2*i + 25 = 0, 3*u = i - 3. Let j be (8 - 1)/(u - 22/(-12)). Let t = 54 + j. Calculate the remainder when 94 is divided by t.
10
Let p = -226 + 232. Suppose 0 = -p*j + 19 - 1. What is the remainder when 6 is divided by j?
0
Suppose -449 = -2*l + 13. Let f = l + -132. What is the remainder when f is divided by 10?
9
Let k(w) = -w**3 - 3*w**2 - 4*w + 6. Let t be k(-5). Suppose -t = -16*u + 20. Calculate the remainder when u is divided by 5.
1
Suppose 0 = 51*w - 1309 + 85. What is the remainder when 1101 is divided by w?
21
Let w be (-81)/12*(-132)/99. Calculate the remainder when 135 is divided by 4/w + 2065/315.
2
Suppose -121*f + 2954 = -2214 + 812. Calculate the remainder when 4069 is divided by f.
1
Suppose -107544 + 29400 = -96*r. What is the remainder when r is divided by 39?
34
Let n = -8 - -36. Let b(g) = 2*g**2 + 70*g + 79. Calculate the remainder when n is divided by b(-34).
6
Let s(a) = 4*a**3 + 26*a**2 - 12*a + 16. Suppose 5*q - 28 = -63. Calculate the remainder when 57 is divided by s(q).
1
Let i(y) = y + 2. Let d be i(-2). Suppose 3*g + 2*c + 68 = d, 2*g + 19 = -c - 25. What is the remainder when 16 is divided by (-1 - -2)/(g/(-180))?
7
Calculate the remainder when 14 is divided by ((-35)/(-6) - 5) + 11 + (-65)/6.
0
Let i = -6629 + 6667. What is the remainder when 5697 is divided by i?
35
Suppose 0 = -176*a + 17069 + 1805 + 4358. Let n be 0 + (2 - 0/(-1)). Let i(h) = 13*h + 1. What is the remainder when a is divided by i(n)?
24
Let j = -7167 - -7194. Let s be (-25)/(-4) + 3/(-12). Suppose 0 = -s*h + j + 33. Calculate the remainder when 39 is divided by h.
9
Suppose -22*f + 209 = -1024 - 1693. Calculate the remainder when f is divided by 69.
64
What is the remainder when 187 is divided by -11 + (24/80)/(1/10) - -34?
5
Suppose -2*k - 4*s + 247 = 47, 4*s = -3*k + 310. Let w = -95 + k. Suppose 23 = i - w. Calculate the remainder when i is divided by 6.
2
Suppose -41*t = -44*t + 5*s + 1164, 2*t - 4*s - 776 = 0. What is the remainder when t is divided by 15?
13
Suppose 5*h + 36 = 266. Calculate the remainder when (226512/130)/36 + 4/(-10) is divided by h.
2
What is the remainder when 577 is divided by (1/3)/((-495)/(-25) - 20)*-69?
2
Suppose 3*r - 5 = 5*o, -5*r = -7*r - 5*o + 20. Suppose -2*p = r*g - 9 - 0, -3*g = p - 6. Calculate the remainder when g is divided by 3.
0
Let p(z) = -z**2 + 26*z - 31. Let u be p(15). What is the remainder when ((-26)/3)/(6/(-45)) is divided by (-21)/(-84) - u/(-8)?
14
Let r(z) = z**3 + 19*z**2 + 12*z - 59. Suppose -2*v + 60 = 3*s - 6*s, -3*s = 5*v + 39. What is the remainder when 82 is divided by r(s)?
33
Let o(a) = 54*a**2 - 49*a + 48. Let d be o(1). Suppose -d*i + 61*i = 112. What is the remainder when i is divided by 6?
2
Let h be 40/8*(3 + -2). Suppose -a - 2*m + 16 = 0, -2*m = -h*a - 4*m + 48. Let n(p) = 7*p + 20. Calculate the remainder when a is divided by n(-2).
2
Let p = -264 - -272. Suppose -p*x + 146 = -150. What is the remainder when x is divided by 13?
11
Suppose -41*x - 661 + 2301 = 0. What is the remainder when 11 is divided by (6 + 0)*x/24?
1
Let t = -275 - -513. What is the remainder when t is divided by 44?
18
Let z = 58488 - 58448. Calculate the remainder when z is divided by 72/(-30)*(-40)/3.
8
Let w = 30 - 45. Let a(o) = -8*o - 72. Calculate the remainder when a(w) is divided by 17.
14
Let o = -32 + 36. Suppose 30 = 7*s - 2*s + o*y, -2*s + y = -25. What is the remainder when 88 is divided by s?
8
Let a be (-2 + -1 + -15)*1224/(-27). Suppose 4*y - a = -4*y. Suppose -6*k + y = -0*k. What is the remainder when 33 is divided by k?
16
Let z(i) = 4726*i - 37714. Let j = -10 - -19. Calculate the remainder when z(8) is divided by j.
4
Let a = 112 + 224. Suppose 11*m + a - 864 = 0. Calculate the remainder when m is divided by 13.
9
Suppose 0 = 4*d - z + 121 - 277, 184 = 5*d - 4*z. What is the remainder when 197 is divided by d?
37
What is the remainder when -44*(5/(-2))/5 is divided by (-518)/296 + 57/12?
1
Let l(c) = -2*c**2 - 47*c + 34. Let p be l(-23). Let s = p + 25. Calculate the remainder when s is divided by 14.
12
Let z(u) = 3 - 2*u - 3*u + 10*u + 3*u**2 - 4. Calculate the remainder when z(-3) is divided by 3.
2
Let w(a) = a**2 + 36*a + 15. What is the remainder when w(-37) is divided by (-6*2)/(8/(-12))?
16
Suppose 134 + 478 = 68*r. Calculate the remainder when 844 is divided by r.
7
Suppose -60*p + 59*p + 18 = 0. Suppose 